{"id":298,"date":"2019-07-31T22:14:10","date_gmt":"2019-07-31T20:14:10","guid":{"rendered":"http:\/\/sees.at\/rw\/?page_id=298"},"modified":"2019-08-01T21:23:44","modified_gmt":"2019-08-01T19:23:44","slug":"ihr-eventtechnik-partner","status":"publish","type":"page","link":"https:\/\/rw-eventtechnik.at\/?page_id=298","title":{"rendered":"IHR EVENT-TECHNIKPARTNER."},"content":{"rendered":"\n<h3 class=\"wp-block-heading\" style=\"text-align:center\">PROFESSIONELLE TECHNIK F\u00dcR IHR EVENT.<\/h3>\n\n\n\n<p style=\"text-align:center\" class=\"has-text-color has-body-color-color\">RW-Eventtechnik ist seit 2008 Ihr professioneller und zuverl\u00e4ssiger Partner rund um Ton- Licht und B\u00fchnentechnik. Wir wissen genau was f\u00fcr maximalen H\u00f6rgenuss ben\u00f6tigt wird und r\u00fccken Ihre Veranstaltung ins rechte Licht.<\/p>\n\n\n\n<p style=\"text-align:center\" class=\"has-text-color has-body-color-color\">Geht nicht &#8211; gibt&#8217;s nicht &#8211; denn durch ein gro\u00dfes Netzwerk an Technikpartnern, Bands und DJs k\u00f6nnen optimale Ergebnisse erzielt werden. Egal ob Sie ein Riesen-Event oder eine Feier im kleinen Rahmen planen, Ihren Messestand durch professionelle Lichteffekte erhellen m\u00f6chten oder f\u00fcr Ihre Vernissage eine Ambiente-Beleuchtung suchen:<br>RW-Eventtechnik hilft Ihnen von der Planung bis zur Umsetzung.<\/p>\n\n\n\n<p><\/p>\n\n\n\n<p><br><\/p>\n","protected":false},"excerpt":{"rendered":"<p>PROFESSIONELLE TECHNIK F\u00dcR IHR EVENT. RW-Eventtechnik ist seit 2008 Ihr professioneller und zuverl\u00e4ssiger Partner rund um Ton- Licht und B\u00fchnentechnik. Wir wissen genau was f\u00fcr maximalen H\u00f6rgenuss ben\u00f6tigt wird und r\u00fccken Ihre Veranstaltung ins rechte Licht. Geht nicht &#8211; gibt&#8217;s nicht &#8211; denn durch ein gro\u00dfes Netzwerk an Technikpartnern, Bands [&hellip;]<\/p>\n","protected":false},"author":2,"featured_media":0,"parent":0,"menu_order":0,"comment_status":"closed","ping_status":"closed","template":"","meta":[],"_links":{"self":[{"href":"https:\/\/rw-eventtechnik.at\/index.php?rest_route=\/wp\/v2\/pages\/298"}],"collection":[{"href":"https:\/\/rw-eventtechnik.at\/index.php?rest_route=\/wp\/v2\/pages"}],"about":[{"href":"https:\/\/rw-eventtechnik.at\/index.php?rest_route=\/wp\/v2\/types\/page"}],"author":[{"embeddable":true,"href":"https:\/\/rw-eventtechnik.at\/index.php?rest_route=\/wp\/v2\/users\/2"}],"replies":[{"embeddable":true,"href":"https:\/\/rw-eventtechnik.at\/index.php?rest_route=%2Fwp%2Fv2%2Fcomments&post=298"}],"version-history":[{"count":4,"href":"https:\/\/rw-eventtechnik.at\/index.php?rest_route=\/wp\/v2\/pages\/298\/revisions"}],"predecessor-version":[{"id":334,"href":"https:\/\/rw-eventtechnik.at\/index.php?rest_route=\/wp\/v2\/pages\/298\/revisions\/334"}],"wp:attachment":[{"href":"https:\/\/rw-eventtechnik.at\/index.php?rest_route=%2Fwp%2Fv2%2Fmedia&parent=298"}],"curies":[{"name":"wp","href":"https:\/\/api.w.org\/{rel}","templated":true}]}}

<h3 class="wp-block-heading" style="text-align:center">PROFESSIONELLE TECHNIK FÜR IHR EVENT.</h3>



<p style="text-align:center" class="has-text-color has-body-color-color">RW-Eventtechnik ist seit 2008 Ihr professioneller und zuverlässiger Partner rund um Ton- Licht und Bühnentechnik. Wir wissen genau was für maximalen Hörgenuss benötigt wird und rücken Ihre Veranstaltung ins rechte Licht.</p>



<p style="text-align:center" class="has-text-color has-body-color-color">Geht nicht &#8211; gibt&#8217;s nicht &#8211; denn durch ein großes Netzwerk an Technikpartnern, Bands und DJs können optimale Ergebnisse erzielt werden. Egal ob Sie ein Riesen-Event oder eine Feier im kleinen Rahmen planen, Ihren Messestand durch professionelle Lichteffekte erhellen möchten oder für Ihre Vernissage eine Ambiente-Beleuchtung suchen:<br>RW-Eventtechnik hilft Ihnen von der Planung bis zur Umsetzung.</p>



<p></p>



<p><br></p>

<p>PROFESSIONELLE TECHNIK FÜR IHR EVENT. RW-Eventtechnik ist seit 2008 Ihr professioneller und zuverlässiger Partner rund um Ton- Licht und Bühnentechnik. Wir wissen genau was für maximalen Hörgenuss benötigt wird und rücken Ihre Veranstaltung ins rechte Licht. Geht nicht &#8211; gibt&#8217;s nicht &#8211; denn durch ein großes Netzwerk an Technikpartnern, Bands [&hellip;]</p>
